*2 - 16*j + 19. Give b(-9).
1
Let z(s) = -10*s + 125. Calculate z(12).
5
Let s(q) = -q**3 - q**2 - 5*q + 7. Calculate s(0).
7
Let w(x) = -5*x**2 + 28*x - 10. What is w(6)?
-22
Let r(i) = 22*i - 269. What is r(13)?
17
Let r(f) = f**2 - 27*f + 82. Determine r(24).
10
Let z(a) = 5*a**2 + 2*a - 2. Give z(2).
22
Let l(u) = -3*u**2 - 2*u + 1. Give l(-2).
-7
Let u(i) = i**3 - 16*i**2 + 17*i - 20. What is u(15)?
10
Let c(b) = -b**2 - 8*b + 1. Determine c(0).
1
Let v(b) = -12*b - 71. Give v(-16).
121
Let q(t) = -t**3 + 4*t**2 + 79*t - 21. Give q(11).
1
Let j(s) = -s**3 - 13*s**2 + 18*s + 58. Determine j(-14).
2
Let f(n) = -n**3 + 10*n**2 - 11. Determine f(10).
-11
Let k(u) = -6*u - 112. Calculate k(-18).
-4
Let i(s) = -16*s - 76. What is i(-5)?
4
Let w(b) = 4*b + 4. What is w(0)?
4
Let l(h) = -h**3 - 10*h**2 + 2*h + 98. What is l(-9)?
-1
Let x(d) = -d - 7. What is x(-9)?
2
Let j(t) = t + 77. What is j(0)?
77
Let g(z) = z - 13. Calculate g(8).
-5
Let t(g) = g**2 + 4*g - 10. Determine t(-6).
2
Let m(b) = 2*b + 18. Determine m(-8).
2
Let h(a) = a**2 + 18*a + 60. Give h(-5).
-5
Let c(z) = -z**2 + z + 1. What is c(-3)?
-11
Let i(n) = n**3 - 9*n**2 + 10*n + 15. Give i(7).
-13
Let r(p) = -9*p + 25. Determine r(3).
-2
Let u(d) = d**2 - 25*d + 11. Determine u(25).
11
Let b(x) = -x**3 - 29*x**2 + 64*x + 25. Calculate b(-31).
-37
Let h(i) = -3*i**2 - 11*i + 77. Calculate h(-7).
7
Let h(t) = 11*t**2 + 102*t + 20. Determine h(-9).
-7
Let n(t) = -23*t - 92. Give n(-4).
0
Let j(i) = 6*i + 23. What is j(-4)?
-1
Let s(l) = 7*l**2 - 83*l - 9. Give s(12).
3
Let i(l) = l**3 - 21*l**2 + 41*l + 3. Calculate i(18).
-231
Let d(b) = 3*b - 55. Give d(20).
5
Let f(v) = -4*v - 22. Give f(-6).
2
Let s(v) = v - 3. Determine s(6).
3
Let w(i) = -8*i**3 + i**2 + i - 1. Determine w(-1).
7
Let c(p) = 23*p + 22. Calculate c(-6).
-116
Let j(l) = 4*l + 7. Calculate j(-22).
-81
Let u(m) = -8*m + 241. Give u(29).
9
Let b(n) = -6*n**2 - 36*n + 20. What is b(-7)?
-22
Let g(x) = -6*x + 1. Calculate g(1).
-5
Let j(r) = r**3 + 25*r**2 - 147*r + 95. Calculate j(-30).
5
Let u(y) = y**2 + 2. What is u(0)?
2
Let i(j) = -4*j + 38. Give i(18).
-34
Let h(t) = -t**2 - 9*t + 3. Calculate h(-8).
11
Let x(r) = -r**3 - 8*r**2 - 6*r + 14. Determine x(-7).
7
Let v(r) = r**3 - 15*r**2 - 2*r + 40. Calculate v(15).
10
Let x(g) = 5*g**2 + 2*g - 2. Determine x(-4).
70
Let s(g) = g**3 + 11*g**2 + 10*g + 2. Determine s(-10).
2
Let k(l) = l**3 + 7*l**2 - 7*l + 19. Give k(-8).
11
Let i(t) = -t**3 + 7*t**2 - 7*t + 9. What is i(6)?
3
Let m(b) = 2*b**3 + b**2 - 3*b - 1. Give m(0).
-1
Let b(h) = -2*h. Give b(7).
-14
Let x(u) = 2*u + 6. Give x(16).
38
Let w(x) = 3*x - 6. What is w(4)?
6
Let d(m) = -2*m - 4. What is d(-10)?
16
Let y(d) = -154*d + 1539. Calculate y(10).
-1
Let w(q) = q**3 + 6*q**2 + 5*q + 6. Calculate w(-4).
18
Let j(r) = 3*r**3 - 3*r**2 - 2*r - 1. What is j(-2)?
-33
Let u(k) = -k**2 + 7*k - 4. Determine u(6).
2
Let x(j) = -j**2 - j + 7. What is x(5)?
-23
Let o(a) = -a**2 - 16*a + 4. Determine o(-17).
-13
Let g(u) = u - 3. Determine g(-10).
-13
Let y(r) = r**3 + 6*r**2 + 13*r + 16. Calculate y(-2).
6
Let c(q) = q**3 - 7*q**2 - 24*q + 3. Determine c(10).
63
Let k(j) = -j**2 + 8*j - 11. Give k(5).
4
Let c(k) = -8*k + 1. Give c(-1).
9
Let x(q) = -9*q**2 + 72*q. Calculate x(8).
0
Let n(f) = -f**2 - 7*f + 14. Calculate n(-12).
-46
Let c(u) = -3*u**3 - 4*u + 3. Give c(2).
-29
Let m(o) = -o**2 - 25*o + 59. Give m(-27).
5
Let d(y) = -16*y - 233. What is d(-12)?
-41
Let m(l) = 13*l - 139. What is m(13)?
30
Let n(m) = m**2 - 3*m + 2. Calculate n(-5).
42
Let w(o) = 18*o**2 - o - 1. What is w(1)?
16
Let c(q) = q**2 + 9*q - 15. Determine c(-10).
-5
Let o(g) = g**3 - 20*g**2 + g - 4. Calculate o(20).
16
Let l(c) = 4*c**2 - 23*c + 45. Calculate l(2).
15
Let q(c) = -26*c**3 + c**2 + 2*c + 1. Determine q(-1).
26
Let j(v) = -v - 17. Give j(-11).
-6
Let c(p) = 2*p + 6. What is c(7)?
20
Let c(f) = f**3 + 18*f**2 - 34*f + 126. Calculate c(-20).
6
Let s(m) = -9*m**2 + 3*m - 4. Determine s(2).
-34
Let c(p) = p**2 - 9*p + 9. What is c(7)?
-5
Let i(m) = 43*m**3 - m**2 - m + 1. Determine i(1).
42
Let l(r) = -r + 14. Give l(-10).
24
Let d(h) = -h**2 - 6*h + 2. What is d(-5)?
7
Let c(v) = v**2 + 12*v + 7. Determine c(-9).
-20
Let r(y) = y**3 - y**2 - 5*y + 5. Determine r(2).
-1
Let f(l) = l**2 + 3*l - 8. What is f(-4)?
-4
Let v(p) = -9*p**2 + 47*p - 48. What is v(1)?
-10
Let s(y) = 30*y**3 + 181*y**2 + 7*y + 6. What is s(-6)?
0
Let k(n) = -n**3 + 12*n**2 + 30*n - 23. What is k(14)?
5
Let t(f) = -43*f - 254. What is t(-6)?
4
Let y(m) = -m**3 - 7*m**2 - 12*m - 5. Calculate y(-3).
-5
Let b(g) = g**3 + 9*g**2 - 10*g - 9. Give b(-10).
-9
Let l(x) = -6*x**2 - 3*x - 5. Determine l(-1).
-8
Let d(l) = 2*l**2 + 19*l + 4. Determine d(-9).
-5
Let q(g) = 3*g**2 - 36*g + 23. Determine q(11).
-10
Let v(b) = -b - 5. Determine v(-11).
6
Let m(n) = -2*n**3 + 2*n**2 + 3*n - 2. Give m(2).
-4
Let k(d) = d**3 + d - 11. Determine k(0).
-11
Let r(a) = -75*a - 303. Calculate r(-4).
-3
Let z(o) = 3*o + 63. What is z(-20)?
3
Let d(b) = b**3 - 12*b**2 + 11. Give d(12).
11
Let i(t) = -2*t**2 + 3*t + 9. What is i(9)?
-126
Let b(d) = d + 15. Give b(-12).
3
Let y(j) = j**3 + 4*j**2 - 4*j + 4. Determine y(-6).
-44
Let m(h) = -h**2 + 14*h - 39. Calculate m(6).
9
Let f(p) = -p**3 - 7*p**2 + 8*p + 55. What is f(-6)?
-29
Let g(c) = -8*c + 121. Determine g(16).
-7
Let y(v) = -15*v - 31. Calculate y(6).
-121
Let s(a) = -a**3 - 8*a**2 - 12*a - 9. Determine s(-7).
26
Let s(d) = -d**3 - 26*d**2 + 56*d - 3. What is s(-28)?
-3
Let l(p) = -p**3 - p**2 - 2*p - 32. Calculate l(0).
-32
Let x(k) = -7*k - 1. Calculate x(1).
-8
Let v(j) = j**3 + 2*j**2 + 3*j - 1. What is v(-2)?
-7
Let r(a) = -a**2 + 14. What is r(0)?
14
Let h(v) = -3*v**3 + v**2 + v + 2. Calculate h(-2).
28
Let x(g) = 9*g**3 + 46*g**2 + 6*g + 7. What is x(-5)?
2
Let m(w) = -w**2 + w - 5. Give m(-2).
-11
Let r(b) = -b**3 + 7*b**2 - b - 6. Determine r(7).
-13
Let h(x) = 3*x - 38. What is h(10)?
-8
Let i(x) = -109*x - 1311. Determine i(-12).
-3
Let h(g) = -2*g**2 - 5*g + 4. Calculate h(-4).
-8
Let q(m) = 13*m - 10. Give q(1).
3
Let j(b) = -7*b - 39. Determine j(-5).
-4
Let i(x) = -x**2 + 5. Determine i(2).
1
Let m(k) = 2*k**3 + 30*k**2 + 24*k - 32. What is m(-14)?
24
Let p(w) = -19*w + 1. Give p(2).
-37
Let s(h) = -2*h**3 + 4*h**2 + 2*h - 2. What is s(3)?
-14
Let i(a) = a**3 + 7*a**2 + 1. Give i(-7).
1
Let a(n) = -n**2 - 26*n + 9. Determine a(-25).
34
Let l(a) = -3*a**3 - 4*a**2 - 4*a - 1. Give l(-3).
56
Let i(v) = v**2 - v - 21. What is i(-6)?
21
Let y(c) = -33*c + 70. What is y(8)?
-194
Let c(m) = -9*m**3 - 134*m**2 + 14*m - 14. Calculate c(-15).
1
Let p(a) = a**3 - 2*a**2 - 5*a. Give p(4).
12
Let a(d) = -3*d**2 + 13*d + 7. Give a(5).
-3
Let u(d) = -2*d**3 + 4*d**2 - 14*d + 23. Calculate u(2).
-5
Let r(k) = -k**2 - 21*k + 197. What is r(7)?
1
Let x(v) = -v**3 - 27*v**2 - v - 24. Give x(-27).
3
Let c(k) = k**2 + 10*k + 20. What is c(-12)?
44
Let h(x) = -x + 28. What is h(8)?
20
Let o(h) = -5*h + 5. Calculate o(6).
-25
Let n(q) = -2*q**2 + q + 89. Give n(-7).
-16
Let a(u) = u**2 - 28*u + 20. Determine a(27).
-7
Let d(s) = 16*s - 45. Calculate d(4).
19
Let t(n) = -n**2 - 12*n - 21. Determine t(-4).
11
Let r(a) = 2*a**2 - 3. Determine r(4).
29
Let m(t) = t + 10. Calculate m(-5).
5
Let h(y) = y**3 - 5*y**2 - 12*y + 34. Determine h(6).
-2
Let x(m) = -m**3 + 5*m**2 + 9*m - 17. What is x(6)?
1
Let c(b) = 8*b - 118. Calculate c(14).
-6
Let n(u) = -u**2 - 19*u - 55. Determine n(-16).
-7
Let g(n) = 2*n**3 - 3*n**2 - 2*n. Give g(-2).
-24
Let z(l) = l**3 + 13*l**2 - 12*l + 4. Determine z(-14).
-24
Let k(p) = -p**3 + 7*p**2 + 8*p - 1. Calculate k(8).
-1
Let g(d) = -3*d**3 + 3*d**2 + 2*d - 2. What is g(-3)?
100
Let t(g) = 2*g**2 + 7*g - 1. What is t(-5)?
14
Let u(s) = -s**2 - 8*s - 3. Give u(-8).
-3
Let n(i) = -2*i**2 + 14*i + 10. Give n(8).
-6
Let l(g) = -3*g - 24. Determine l(-6).
-6
Let w(g) = g + 5. What is w(9)?
14
Let d(u) = u**2 - 28. Calculate d(4).
-12
Let g(r) = 4*r - 3. Give g(7).
25
Let r(u) = -u**3 - 2*u**2 - 4*u - 4. Give r(-3).
17
Let b(k) = -k**2 - 30*k + 35. Determine b(-30).
35
Let q(v) = 2*v**2 - 15*v - 1. Calculate q(7).
-8
Let g(j) = -3*j - 29. What is g(-10)?
1
Let b(w) = w**3 - 16*w**2 + 48*w + 1. Give b(12)